{"id":42,"date":"2022-01-28T14:11:12","date_gmt":"2022-01-28T13:11:12","guid":{"rendered":"https:\/\/www.misioneslarioja.org\/?page_id=42"},"modified":"2022-04-06T12:44:26","modified_gmt":"2022-04-06T10:44:26","slug":"colabora","status":"publish","type":"page","link":"https:\/\/www.misioneslarioja.org\/index.php\/colabora\/","title":{"rendered":"COLABORA"},"content":{"rendered":"\t\t<div data-elementor-type=\"wp-page\" data-elementor-id=\"42\" class=\"elementor elementor-42\">\n\t\t\t\t\t\t<section class=\"elementor-section elementor-top-section elementor-element elementor-element-eb74549 elementor-section-boxed elementor-section-height-default elementor-section-height-default\" data-id=\"eb74549\" data-element_type=\"section\" data-e-type=\"section\">\n\t\t\t\t\t\t<div class=\"elementor-container elementor-column-gap-default\">\n\t\t\t\t\t<div class=\"elementor-column elementor-col-100 elementor-top-column elementor-element elementor-element-1dea51be\" data-id=\"1dea51be\" data-element_type=\"column\" data-e-type=\"column\">\n\t\t\t<div class=\"elementor-widget-wrap elementor-element-populated\">\n\t\t\t\t\t\t<div class=\"elementor-element elementor-element-1c2fe3e8 elementor-widget elementor-widget-text-editor\" data-id=\"1c2fe3e8\" data-element_type=\"widget\" data-e-type=\"widget\" data-widget_type=\"text-editor.default\">\n\t\t\t\t<div class=\"elementor-widget-container\">\n\t\t\t\t\t\t\t\t\t\n<p style=\"font-size: 18px;\">Los misioneros se encargan de llevar por todo el mundo no solo la Palabra de Dios, sino tambi\u00e9n esperanza, caridad a los m\u00e1s necesitados y promoci\u00f3n de los pueblos en forma escuelas, hospitales, iglesias&#8230; Para que puedan llevar mejor a cabo todas estas tareas es importante nuestra ayuda con la oraci\u00f3n y tambi\u00e9n con nuestra generosidad en las campa\u00f1as y donativos.<img decoding=\"async\" class=\"alignright wp-image-907\" src=\"http:\/\/www.misioneslarioja.org\/wp-content\/uploads\/2022\/02\/P7130136-300x225.png\" alt=\"\" width=\"172\" height=\"129\" srcset=\"https:\/\/www.misioneslarioja.org\/wp-content\/uploads\/2022\/02\/P7130136-300x225.png 300w, https:\/\/www.misioneslarioja.org\/wp-content\/uploads\/2022\/02\/P7130136-1024x768.png 1024w, https:\/\/www.misioneslarioja.org\/wp-content\/uploads\/2022\/02\/P7130136-768x576.png 768w, https:\/\/www.misioneslarioja.org\/wp-content\/uploads\/2022\/02\/P7130136-1536x1152.png 1536w, https:\/\/www.misioneslarioja.org\/wp-content\/uploads\/2022\/02\/P7130136-2048x1536.png 2048w\" sizes=\"(max-width: 172px) 100vw, 172px\" \/><\/p>\n\n<p style=\"font-size: 18px;\">Tu donativo particular o de empresa tiene beneficios fiscales, para ello facilita tus datos de DNI\/CIF y direcci\u00f3n fiscal antes de que termine el a\u00f1o.<\/p>\n\n<p style=\"font-size: 18px;\">Puedes hacer tu ingreso o donativo en las siguientes cuentas:<\/p>\n\n<p style=\"font-size: 18px;\"><span class=\"tadv-color\" style=\"color: #0693e3;\">Cuentas de <strong>Misiones Diocesanas<\/strong> para ingresos de<\/span>:<\/p>\n\n<ul class=\"wp-block-list\" style=\"font-size: 18px;\">\n<li><span class=\"tadv-color\" style=\"color: #0693e3;\">D\u00eda del M<span class=\"tadv-color\" style=\"color: #0693e3;\">isionero Diocesano <\/span>(misioneros riojanos)<\/span><\/li>\n<li><span class=\"tadv-color\" style=\"color: #0693e3;\"><span class=\"tadv-color\" style=\"color: #0693e3;\">Proyecto de Primera Comuni\u00f3n<\/span><\/span><\/li>\n<li><span class=\"tadv-color\" style=\"color: #0693e3;\"><span class=\"tadv-color\" style=\"color: #0693e3;\">Ayudas y hermanamientos<\/span>. <\/span>\n<ul>\n<li><span class=\"tadv-color\" style=\"color: #000000;\">Caixabank = ES39 2100 6196 3713 0061 9476 <\/span><\/li>\n<li><span class=\"tadv-color\" style=\"color: #000000;\">Ibercaja = ES73 2085 5651 3101 0075 5883 <\/span><\/li>\n<li><span class=\"tadv-color\" style=\"color: #000000;\">BBVA = ES88 0182 3500 2700 1060 6445 <\/span><\/li>\n<\/ul>\n<\/li>\n<\/ul>\n\n<p style=\"font-size: 18px;\"><span class=\"tadv-color\" style=\"color: #ff6900;\">Cuentas de <strong>Obras Misionales Pontificias<\/strong> para ingresos de:<\/span><\/p>\n\n<ul class=\"wp-block-list\" style=\"font-size: 18px; font-style: normal; font-weight: 400;\">\n<li><span class=\"tadv-color\" style=\"color: #ff6900;\">Domund<\/span><\/li>\n<li><span class=\"tadv-color\" style=\"color: #ff6900;\">Infancia Misionera<\/span><\/li>\n<li><span class=\"tadv-color\" style=\"color: #ff6900;\">Vocaciones Nativas <\/span>\n<ul>\n<li>Caixabank = ES24 2100 6196 3713 0061 7806<\/li>\n<li>Ibercaja = ES81 2085 5652 8101 1033 4414<\/li>\n<li>BBVA = ES96 0182 3500 2300 1066 6540<\/li>\n<\/ul>\n<\/li>\n<\/ul>\n\n<p style=\"font-size: 18px;\">Puedes realizar un <span class=\"tadv-color\" style=\"color: #00d084;\"><span class=\"underline\" style=\"text-decoration: underline;\"><strong>donativo de forma presencial<\/strong><\/span> <\/span>en la propia Delegaci\u00f3n de Misiones, Avenida de Navarra 3 de Logro\u00f1o en horario de Lunes a Viernes de 8:00h a 15:00h.<\/p>\n\n<p style=\"font-size: 18px;\">Los misioneros pueden cambiar la vida de muchas personas, anunci\u00e1ndoles a Jesucristo y ayud\u00e1ndolos en sus necesidades.<\/p>\n\n<p style=\"font-size: 18px;\"><strong><span class=\"tadv-color\" style=\"color: #9b51e0;\">\u00a1Gracias por ayudar ayudando!<\/span><\/strong><\/p>\n\t\t\t\t\t\t\t\t<\/div>\n\t\t\t\t<\/div>\n\t\t\t\t\t<\/div>\n\t\t<\/div>\n\t\t\t\t\t<\/div>\n\t\t<\/section>\n\t\t\t\t<\/div>\n\t\t","protected":false},"excerpt":{"rendered":"<p>Los misioneros se encargan de llevar por todo el mundo no solo la Palabra de Dios, sino tambi\u00e9n esperanza, caridad a los m\u00e1s necesitados y promoci\u00f3n de los pueblos en forma escuelas, hospitales, iglesias&#8230; Para que puedan llevar mejor a cabo todas estas tareas es importante nuestra ayuda con la oraci\u00f3n y tambi\u00e9n con nuestra&hellip;<\/p>\n","protected":false},"author":2,"featured_media":1544,"parent":0,"menu_order":0,"comment_status":"closed","ping_status":"closed","template":"","meta":{"_themeisle_gutenberg_block_has_review":false,"footnotes":""},"class_list":["post-42","page","type-page","status-publish","has-post-thumbnail","hentry"],"jetpack_sharing_enabled":true,"_links":{"self":[{"href":"https:\/\/www.misioneslarioja.org\/index.php\/wp-json\/wp\/v2\/pages\/42","targetHints":{"allow":["GET"]}}],"collection":[{"href":"https:\/\/www.misioneslarioja.org\/index.php\/wp-json\/wp\/v2\/pages"}],"about":[{"href":"https:\/\/www.misioneslarioja.org\/index.php\/wp-json\/wp\/v2\/types\/page"}],"author":[{"embeddable":true,"href":"https:\/\/www.misioneslarioja.org\/index.php\/wp-json\/wp\/v2\/users\/2"}],"replies":[{"embeddable":true,"href":"https:\/\/www.misioneslarioja.org\/index.php\/wp-json\/wp\/v2\/comments?post=42"}],"version-history":[{"count":19,"href":"https:\/\/www.misioneslarioja.org\/index.php\/wp-json\/wp\/v2\/pages\/42\/revisions"}],"predecessor-version":[{"id":1591,"href":"https:\/\/www.misioneslarioja.org\/index.php\/wp-json\/wp\/v2\/pages\/42\/revisions\/1591"}],"wp:featuredmedia":[{"embeddable":true,"href":"https:\/\/www.misioneslarioja.org\/index.php\/wp-json\/wp\/v2\/media\/1544"}],"wp:attachment":[{"href":"https:\/\/www.misioneslarioja.org\/index.php\/wp-json\/wp\/v2\/media?parent=42"}],"curies":[{"name":"wp","href":"https:\/\/api.w.org\/{rel}","templated":true}]}}