{"id":78,"date":"2022-01-28T16:42:23","date_gmt":"2022-01-28T15:42:23","guid":{"rendered":"https:\/\/www.misioneslarioja.org\/?page_id=78"},"modified":"2022-03-30T21:35:46","modified_gmt":"2022-03-30T19:35:46","slug":"actividades","status":"publish","type":"page","link":"https:\/\/www.misioneslarioja.org\/index.php\/actividades\/","title":{"rendered":"ACTIVIDADES"},"content":{"rendered":"\n<p><\/p>\n\n\n\n<div class=\"wp-block-columns is-layout-flex wp-container-core-columns-is-layout-9d6595d7 wp-block-columns-is-layout-flex\">\n<div class=\"wp-block-column is-layout-flow wp-block-column-is-layout-flow\" style=\"flex-basis:100em\">\n<div class=\"wp-block-group\"><div class=\"wp-block-group__inner-container is-layout-flow wp-block-group-is-layout-flow\">\n<section id=\"section-044077b3-21dd-4685-9526-ca85527500c3\" class=\"wp-block-gutentor-image-box gutentor-section gutentor-image-wrapper imagebox-template1\"><div class=\"grid-container\"><div class=\"grid-row gutentor-grid-item-wrap\"><div class=\"gutentor-grid-column grid-lg-4 grid-md-4 grid-12\"><div class=\"gutentor-single-item gutentor-image gutentor-single-item-0 g-single-column-link-enabled\"><div class=\"gutentor-single-item-wrap\"><div class=\"gutentor-single-item-image-box\"><div class=\"gutentor-image-thumb\"><img decoding=\"async\" class=\"normal-image\" src=\"http:\/\/www.misioneslarioja.org\/wp-content\/uploads\/2022\/01\/Wed-foto-Sembradores-de-estrellas-.png\" alt=\"\"\/><\/div><\/div><div class=\"gutentor-single-item-content\"><h3 class=\"gutentor-single-item-title\">Sembradores de Estrellas<\/h3><p class=\"gutentor-single-item-desc\">Sembradores de estrellas es una iniciativa de la Infancia Misionera, en la que los ni\u00f1os salen a las calles a felicitar la Navidad de parte de los misioneros.<\/p><\/div><\/div><a class=\"gutentor-single-item-box-link gutentor-link\" href=\"https:\/\/www.misioneslarioja.org\/index.php\/sembradores-de-estrellas\/\"><\/a><\/div><\/div><div class=\"gutentor-grid-column grid-lg-4 grid-md-4 grid-12\"><div class=\"gutentor-single-item gutentor-image gutentor-single-item-1 g-single-column-link-enabled\"><div class=\"gutentor-single-item-wrap\"><div class=\"gutentor-single-item-image-box\"><div class=\"gutentor-image-thumb\"><img decoding=\"async\" class=\"normal-image\" src=\"http:\/\/www.misioneslarioja.org\/wp-content\/uploads\/2022\/01\/Web-Cinemision.png\" alt=\"\"\/><\/div><\/div><div class=\"gutentor-single-item-content\"><h3 class=\"gutentor-single-item-title\">Cinemisi\u00f3n<\/h3><p class=\"gutentor-single-item-desc\"> Cine Misi\u00f3n se celebra en el marco de la Infancia Misionera,  consiste en la proyecci\u00f3n de una pel\u00edcula de la cartelera que fomente valores humanos y, o del cuidado de la tierra. <\/p><\/div><\/div><a class=\"gutentor-single-item-box-link gutentor-link\" href=\"https:\/\/www.misioneslarioja.org\/index.php\/cinemision\/\"><\/a><\/div><\/div><div class=\"gutentor-grid-column grid-lg-4 grid-md-4 grid-12\"><div class=\"gutentor-single-item gutentor-image gutentor-single-item-2 g-single-column-link-enabled\"><div class=\"gutentor-single-item-wrap\"><div class=\"gutentor-single-item-image-box\"><div class=\"gutentor-image-thumb\"><img decoding=\"async\" class=\"normal-image\" src=\"http:\/\/www.misioneslarioja.org\/wp-content\/uploads\/2022\/01\/Web-Javierada.png\" alt=\"\"\/><\/div><\/div><div class=\"gutentor-single-item-content\"><h3 class=\"gutentor-single-item-title\">Javierada<\/h3><p class=\"gutentor-single-item-desc\">La Javierada es la peregrinaci\u00f3n al Castillo de San Francisco Javier, Patrono de las Misiones.<br><\/p><\/div><\/div><a class=\"gutentor-single-item-box-link gutentor-link\" href=\"https:\/\/www.misioneslarioja.org\/index.php\/javierada\/\"><\/a><\/div><\/div><div class=\"gutentor-grid-column grid-lg-4 grid-md-4 grid-12\"><div class=\"gutentor-single-item gutentor-image gutentor-single-item-3 g-single-column-link-enabled\"><div class=\"gutentor-single-item-wrap\"><div class=\"gutentor-single-item-image-box\"><div class=\"gutentor-image-thumb\"><img decoding=\"async\" class=\"normal-image\" src=\"http:\/\/www.misioneslarioja.org\/wp-content\/uploads\/2022\/01\/web-cancion-misionera.png\" alt=\"\"\/><\/div><\/div><div class=\"gutentor-single-item-content\"><h3 class=\"gutentor-single-item-title\">Festival Canci\u00f3n Misionera<\/h3><p class=\"gutentor-single-item-desc\">Es un festival donde la m\u00fasica se convierte en el medio para la animaci\u00f3n misionera. Coros parroquiales, de colegios&#8230;  cantan las canciones que compuestas o versionadas por ellos, nos hacen sentir el esp\u00edritu misionero.<\/p><\/div><\/div><a class=\"gutentor-single-item-box-link gutentor-link\" href=\"https:\/\/www.misioneslarioja.org\/index.php\/festival-cancion-misionera\/\"><\/a><\/div><\/div><div class=\"gutentor-grid-column grid-lg-4 grid-md-4 grid-12\"><div class=\"gutentor-single-item gutentor-image gutentor-single-item-4 g-single-column-link-enabled\"><div class=\"gutentor-single-item-wrap\"><div class=\"gutentor-single-item-image-box\"><div class=\"gutentor-image-thumb\"><img decoding=\"async\" class=\"normal-image\" src=\"http:\/\/www.misioneslarioja.org\/wp-content\/uploads\/2022\/02\/web-jornada-de-amigos-y-familiares-de-misoneros-riojanos.png\" alt=\"\"\/><\/div><\/div><div class=\"gutentor-single-item-content\"><h3 class=\"gutentor-single-item-title\">Encuentro de Misioneros, Familiares y amigos<\/h3><p class=\"gutentor-single-item-desc\">Es un encuentro donde los misioneros riojanos son los protagonistas. Nos hacen part\u00edcipes de su misi\u00f3n en una jornada de excursi\u00f3n y convivencia con ellos.<\/p><\/div><\/div><a class=\"gutentor-single-item-box-link gutentor-link\" href=\"https:\/\/www.misioneslarioja.org\/index.php\/jornada-de-amigos-y-familiares-misioneros\/\"><\/a><\/div><\/div><div class=\"gutentor-grid-column grid-lg-4 grid-md-4 grid-12\"><div class=\"gutentor-single-item gutentor-image gutentor-single-item-5 g-single-column-link-enabled\"><div class=\"gutentor-single-item-wrap\"><div class=\"gutentor-single-item-image-box\"><div class=\"gutentor-image-thumb\"><img decoding=\"async\" class=\"normal-image\" src=\"http:\/\/www.misioneslarioja.org\/wp-content\/uploads\/2022\/02\/013-Talleres-de-Costura-2.png\" alt=\"\"\/><\/div><\/div><div class=\"gutentor-single-item-content\"><h3 class=\"gutentor-single-item-title\">Talleres de costura misioneros<\/h3><p class=\"gutentor-single-item-desc\">Grupo de costureras que ponen su habilidad para confeccionar vestidos para las misiones, as\u00ed como detalles caprichos que tras su venta ayudan a proyectos misioneros.<\/p><\/div><\/div><a class=\"gutentor-single-item-box-link gutentor-link\" href=\"https:\/\/www.misioneslarioja.org\/index.php\/talleres-de-costura-misioneros\/\"><\/a><\/div><\/div><\/div><\/div><\/section>\n<\/div><\/div>\n<\/div>\n<\/div>\n","protected":false},"excerpt":{"rendered":"","protected":false},"author":2,"featured_media":0,"parent":0,"menu_order":0,"comment_status":"closed","ping_status":"closed","template":"","meta":{"_themeisle_gutenberg_block_has_review":false,"footnotes":""},"class_list":["post-78","page","type-page","status-publish","hentry"],"jetpack_sharing_enabled":true,"_links":{"self":[{"href":"https:\/\/www.misioneslarioja.org\/index.php\/wp-json\/wp\/v2\/pages\/78","targetHints":{"allow":["GET"]}}],"collection":[{"href":"https:\/\/www.misioneslarioja.org\/index.php\/wp-json\/wp\/v2\/pages"}],"about":[{"href":"https:\/\/www.misioneslarioja.org\/index.php\/wp-json\/wp\/v2\/types\/page"}],"author":[{"embeddable":true,"href":"https:\/\/www.misioneslarioja.org\/index.php\/wp-json\/wp\/v2\/users\/2"}],"replies":[{"embeddable":true,"href":"https:\/\/www.misioneslarioja.org\/index.php\/wp-json\/wp\/v2\/comments?post=78"}],"version-history":[{"count":44,"href":"https:\/\/www.misioneslarioja.org\/index.php\/wp-json\/wp\/v2\/pages\/78\/revisions"}],"predecessor-version":[{"id":1724,"href":"https:\/\/www.misioneslarioja.org\/index.php\/wp-json\/wp\/v2\/pages\/78\/revisions\/1724"}],"wp:attachment":[{"href":"https:\/\/www.misioneslarioja.org\/index.php\/wp-json\/wp\/v2\/media?parent=78"}],"curies":[{"name":"wp","href":"https:\/\/api.w.org\/{rel}","templated":true}]}}